 = 60 - 15. List the prime factors of (4/3)/(6/s).
2, 5
Suppose -5*h = 2*t - 426, 3*h + 2*t = 2*h + 82. List the prime factors of h.
2, 43
Suppose 0 = -5*p + 2*l - 19, 0 = 2*p + 3*p + 2*l + 11. Let q = p + 6. Suppose -o - 38 = -q*o. List the prime factors of o.
19
Suppose -m = -0*m + 9. Let b be (-3)/(-12) + 65/(-4). Let a = m - b. List the prime factors of a.
7
Let g(a) = 0*a - 7*a - 3*a + 3*a. List the prime factors of g(-1).
7
Let x be (-2)/1 + (-24 - -4). Let y = -13 - x. List the prime factors of y.
3
Let t(z) = -z**3 + z**2. Let m be t(3). Let g = m + 25. Let f(h) = h - 4. What are the prime factors of f(g)?
3
Suppose -69 = -v - 4*x, 3*v + 3*x - 112 - 77 = 0. What are the prime factors of v?
61
Suppose -3*d + 21 = 3*m, -10 = 4*m - d - 38. Let y(r) = r**2 - 4*r - 7. List the prime factors of y(m).
2, 7
Suppose 0 = 3*m + 4*t - 2*t - 116, m + 2*t = 36. What are the prime factors of m?
2, 5
Let m(w) = -w + 1. Let q be m(3). Let h be 1/(-2)*-2*q. What are the prime factors of (12 + h)*(-6)/(-4)?
3, 5
Let b = 4 + 0. List the prime factors of (-1)/2 - (-22)/b.
5
Let z(c) = -c**3 - c + 133. List the prime factors of z(0).
7, 19
Suppose n - 40 = -6. Let k = n + -24. List the prime factors of k.
2, 5
Suppose -5*s - 1 = -4*p - 0, 5*s = p + 11. Suppose -1 = -5*c + 104. Suppose s*z + 0*z = c. What are the prime factors of z?
7
Let q(k) be the third derivative of k**5/60 + 5*k**4/12 + 2*k**3/3 - 3*k**2. List the prime factors of q(-10).
2
Let r be 0 - 4/4 - -24. Suppose r + 173 = 4*l. List the prime factors of l.
7
Suppose -12*m + 14*m - 156 = 0. List the prime factors of m.
2, 3, 13
Let f(g) = 5*g - 5. Suppose -28 + 8 = -4*u. What are the prime factors of f(u)?
2, 5
List the prime factors of ((-96)/(-40))/(3*1/105).
2, 3, 7
Let k(d) = -d**3 + 4*d**2 + d + 6. Let z be k(5). Let f be (-3)/(0 - (-3)/z). Suppose 2*u + f = 4*u. List the prime factors of u.
7
Suppose 100 = 6*n - 194. What are the prime factors of n?
7
Let k = 13 - 9. What are the prime factors of k?
2
Let j(s) = 19*s**3 + 2*s - 1. Let q be j(1). Let t be 12/q - (-26)/(-10). List the prime factors of 0/(t + 0) - -2.
2
Suppose 0 = 5*f - 32 + 2. Suppose -o - 1 = f. Let a = 10 + o. List the prime factors of a.
3
What are the prime factors of 22*4/(-8)*-1?
11
Suppose -1 = -3*k + 2. Suppose 0 = -a - 2*b, 4*a = -5*b + 5 + k. Let h = 1 + a. What are the prime factors of h?
5
Let r = 6 + -7. Let d(g) = -6*g**3 + 2*g + 1. List the prime factors of d(r).
5
Suppose 85 = 5*z - 0*z. Let h = -4 + z. Suppose a = -0*a + h. What are the prime factors of a?
13
Let t(s) = 5*s**3 - 2*s**2 + 2*s - 1. Let v be t(1). Let z(d) = -d**3 + 5*d**2 - 4*d + 3. Let g be z(v). What are the prime factors of (-1)/2*(-17 + g)?
7
Suppose 4*n - 3*v - 1 = -2, -3*n - 9 = -5*v. List the prime factors of 11 - (2/(-1))/n.
2, 3
Let k be (12/8)/((-9)/(-6)). Suppose -g - k = -3*t + 10, -12 = 2*g - 4*t. What are the prime factors of g?
2
Let t = -4 + 9. Let a = 0 + t. List the prime factors of a.
5
Suppose 25 = -3*n + 118. What are the prime factors of n?
31
Suppose -4*w + 0 - 16 = 0. Let l be (2/w)/((-2)/24). Suppose -3*k + 3 + l = 0. List the prime factors of k.
3
Suppose 5 = -s + 2*s. Suppose s*r = j + 246, -3*r + 166 = 5*j - j. Suppose -v + 4 = -0*v + 4*z, 4*v - z = r. List the prime factors of v.
2, 3
Let u = -19 - -15. Let a = 11 + u. List the prime factors of a.
7
Let u be (-1 + 93/15)*5. Suppose 86 - u = 4*c. Let i = c - 9. What are the prime factors of i?
2, 3
Let s(x) = -20*x - 7. Let q be s(-3). Let u = 77 - q. List the prime factors of u.
2, 3
Let z = -16 - -11. Let u(p) = -p**2 + 13*p + 13. Let l be u(14). What are the prime factors of z*(0 + 1)/l?
5
Suppose 2*z - 290 = -3*f + 4*z, 2*z = 10. List the prime factors of f.
2, 5
List the prime factors of (-49)/(-14)*20/7.
2, 5
Suppose -13*n + 348 = -n. What are the prime factors of n?
29
Suppose n - 10 = 62. List the prime factors of n.
2, 3
Suppose i = -0*i + 40. List the prime factors of i.
2, 5
Let a = 5 + -5. Let y be (-1 + a)*-2 + 0. Suppose y*r + 5*c = 20, -5*r = -2*r - 3*c - 30. What are the prime factors of r?
2, 5
Suppose 2*s = 3*a + 2*a - 100, -2*a + 59 = 3*s. What are the prime factors of a?
2, 11
Suppose -a = 2*n + a, 4*a + 7 = 3*n. List the prime factors of 2 - -6 - (n + -3).
2, 5
Suppose -3*i = 2*v - 41, 0 = v - 3*i + i - 31. Suppose -4*j + v = -27. What are the prime factors of (j/(-2) - 3)*-2?
19
Let t(o) = o**2 + 2. Let v be t(3). Suppose -v*i = -8*i - 60. What are the prime factors of i?
2, 5
Suppose -7*u = -3*u - s - 12, 0 = -5*u - s + 6. Suppose -a - u*i + 37 = 0, 0*i = -5*a + i + 163. List the prime factors of a.
3, 11
Suppose g + 2 = 2*w, 5*w + 0*g = -3*g + 27. Suppose -w*a = -0*a - 6. Let u(d) = 12*d - 3. List the prime factors of u(a).
3, 7
Let t(p) = p**3 + 4*p**2 + 2*p - 2. Let i be t(-4). Let a = i + 17. What are the prime factors of a?
7
Suppose 4*r - 4*b + 20 = 0, -2*r + b + 4 = 9. Suppose 0 = 3*k - r*k - 6. What are the prime factors of 21/((-3)/k + 3)?
2, 7
Suppose 3*n - 136 = -2*x, 2*x + 3*n = -2*n + 140. List the prime factors of x.
5, 13
Let v(s) = -s**2 + 5*s + 3. Let r be 0/(-2 + (2 - 1)). Suppose 5*q - 4*q - u - 1 = r, -5*u + 11 = -q. What are the prime factors of v(q)?
7
Suppose 0 = 3*j + 5*a - 227, 0 = -4*a + 2*a - 10. Suppose -4*o = -o - j. List the prime factors of o.
2, 7
Suppose 3*r - 6*r = -15. Suppose -r*v + 2*v - q = -32, -32 = -v + 5*q. Suppose 0 = -3*s + v. List the prime factors of s.
2
Let l(a) be the first derivative of -a**3/3 - 9*a**2/2 + 12*a - 4. What are the prime factors of l(-9)?
2, 3
Let o(g) = g**3 + 9*g**2 + 9*g - 4. Let q be o(-7). Let d = q - 7. What are the prime factors of d?
2, 3
Suppose 4*o - 385 = -5*s - o, o = 3*s - 239. Suppose 0*n - 3*n = m + 73, 2*m - s = 3*n. Let h = 47 + n. What are the prime factors of h?
2, 11
Let h = -24 + 42. Suppose h = -4*y + 106. Suppose y = 3*r - r. List the prime factors of r.
11
Suppose p + 2*g - 49 = -4*p, 2 = p + 3*g. Suppose -6*h + h = 0, 2*h + p = a. List the prime factors of a.
11
Suppose 0 = 4*t + 2*c - 7*c - 392, -4*c + 222 = 2*t. List the prime factors of t.
103
Suppose 0 = -8*q + 3*q + 50. Let l = q + -7. Suppose -4*f + 38 = g, -l*f - 2*g + 7*g = -40. What are the prime factors of f?
2, 5
Suppose -472 = -5*p - 3*l, 2*l = -1 - 1. What are the prime factors of p?
5, 19
Suppose -70 = 3*q - 8*q. List the prime factors of q.
2, 7
Let d = 4 - 2. Suppose -p = -2*k - d - 0, -5*p + 10 = 2*k. What are the prime factors of p?
2
Let g = 28 - -127. Suppose 0 = -12*b + 7*b + g. What are the prime factors of b?
31
Suppose 0*a + 5 = 5*a. List the prime factors of a - (-1 - -16)/(-3).
2, 3
Suppose -5*h + 45 = -0*h. List the prime factors of h.
3
Let i = 110 + -63. Suppose 0 = -5*j + 4*q + i, 4*q = -3*j - q + 43. What are the prime factors of j?
11
Suppose 4*w = -w. Suppose -p + 35 = 4*p - 4*g, -3*p - g + 4 = w. Suppose 4*s - p*b - 26 = 1, 40 = 5*s - 5*b. List the prime factors of s.
3
Let f(y) = y - 2. Let q(x) = 1. Let l(u) = f(u) - 3*q(u). Let t be l(3). What are the prime factors of -1 + t - (-18 - 0)?
3, 5
What are the prime factors of 322/(-4)*(0 + 60/(-35))?
2, 3, 23
Let a = 119 + -72. List the prime factors of a.
47
Suppose g = 37 + 11. What are the prime factors of g?
2, 3
Let y(f) = f + 11. Let r(v) = v**2 + 4*v + 3. Let a be r(-5). List the prime factors of y(a).
19
Let a = 34 - 20. Let c(h) = h**3 + 6*h**2 + 5*h + 5. Let q be c(-5). Suppose -1 = -q*y + a. What are the prime factors of y?
3
Let a = -9 + 14. Suppose 2*q = 64 + 2. Suppose -5*d = 2*v - 24 - 3, 3*v + a*d = q. What are the prime factors of v?
2, 3
Let w(f) = -2*f**3 - 5*f**2 + 5. List the prime factors of w(-4).
53
Suppose -3*c = 2*c - 600. Let w be ((-3)/(-4))/(5/c). Suppose -w = 5*n - 53. What are the prime factors of n?
7
Let u be ((-66)/15)/(3/(-15)). Suppose -y - 3 = -u. List the prime factors of y.
19
Suppose 0 = -d - d. Suppose d = -t - 0 + 7. What are the prime factors of t?
7
Suppose -4*u + 90 = 4*i - 2*u, 4*u = i - 9. What are the prime factors of i?
3, 7
Suppose 20 = 5*i, -13 = -2*m - 5*i + 9. Let l be (2/m)/((-4)/8). Let b(p) = p**2 + 1. List the prime factors of b(l).
17
Let g(y) = -2*y - 7. Let b = -16 + 8. What are the prime factors of g(b)?
3
Let a be 1*2 + (0 - -10). Suppose 3*y - a = -0*y. S